*u = 4*r - 3. What are the prime factors of -9*(1 - r - -1)?
3
Let i = 415 + -248. What are the prime factors of i?
167
Suppose -3*v + 9 = -3*p, 4*v - 3*p = 10 + 3. Suppose v*x = y - 22, -y + 3*x - 14 = 8*x. List the prime factors of y.
2, 3
List the prime factors of (-2*(1 - 81))/(64/96).
2, 3, 5
Suppose -4*j = -5 - 3. Suppose -j = 4*z + 2*y, z - 16 + 4 = 2*y. Suppose -3*i = v + 2*v - 63, -z*v - 72 = -4*i. What are the prime factors of i?
19
Suppose -4*v + 6*v - 4*l = 120, 4*v - 5*l - 237 = 0. List the prime factors of v.
2, 29
Let h = -18 + 21. Suppose 0 = -6*p + 4*p + 6, -4*v + h*p + 199 = 0. What are the prime factors of v?
2, 13
Suppose 4*s - 96 = 2*s. List the prime factors of s.
2, 3
List the prime factors of (13/3)/(12/216).
2, 3, 13
Let i(d) = -d**3 + 17*d**2 - 36*d - 11. List the prime factors of i(12).
277
Let t(x) = 75*x**2 + 4*x - 3. What are the prime factors of t(1)?
2, 19
Let j(r) = -r - 5. Let g be j(-6). Let k be 2 - (-21)/(g + -2). Let v = 28 + k. What are the prime factors of v?
3
Let t be (-1 - -1)/(1*2). Suppose p + 4*p = t. Suppose 5*q - 36 - 24 = p. List the prime factors of q.
2, 3
Let m = 283 - 72. What are the prime factors of m?
211
Let f(x) = 3*x**3 + 4*x**3 + 8*x**2 - 6*x**3 - 11 - 12*x. Suppose 0*h = h + 9. What are the prime factors of f(h)?
2
Suppose -4*h + 14 = 3*n + 2*n, 0 = 2*h + 2*n - 8. List the prime factors of h/((-6)/(-2)) + 3.
5
Suppose -2*m - 2*m - 2*q + 26 = 0, 0 = 4*m + 5*q - 35. Suppose -2 = -m*n + 2*s, -3*s - 26 = -3*n - 8*s. Suppose -4*t + n = -3*t. List the prime factors of t.
2
Let j(h) = -h**2 + 11*h - 9. Let d = 4 + -2. Let t(c) = 4*c. Let i be t(d). What are the prime factors of j(i)?
3, 5
Let b be 4 - (2/(-2) + 3). Suppose -6 = b*m, -v + 5*m = 2*v - 24. Suppose -v*g = 0, -2*g + 44 = 4*n - 6*g. List the prime factors of n.
11
Let m = -78 - -117. List the prime factors of m.
3, 13
Let d be (6/(-9))/((-6)/333). Suppose p - 4*s + 9 = 0, 0*p + 3*s = -2*p + d. What are the prime factors of p?
11
Suppose f = 2*t + 2*f + 9, 5*t + 24 = -4*f. Let c = 0 - t. Suppose -5*i - 2*s = -85, 2*i + s + c*s = 55. What are the prime factors of i?
3, 5
Let a(b) = b + 12. Let c(y) = -y**2 - 8*y. Let g be c(-8). What are the prime factors of a(g)?
2, 3
Let w = -3 - -10. Let x = 14 + w. List the prime factors of (-6)/x - (-144)/14.
2, 5
Suppose 2*d = w - 9 + 2, w = 5*d + 13. List the prime factors of 1*(d - -5)*7.
3, 7
What are the prime factors of 2*(-4)/(-64) + (-591)/(-8)?
2, 37
Suppose -5*o = 4*q - 8 - 28, 5*q = -o + 24. List the prime factors of -2 - ((-92)/o - -2).
19
Suppose -6*b + b = -4*f + 193, 0 = -4*f - 4*b + 220. Let r = 1 - 1. Suppose -2*k - 2*k + f = r. What are the prime factors of k?
13
Suppose 3*q - 5 = 2*q. What are the prime factors of q?
5
Let p(t) = 26*t**2 - 1. Let s be p(-1). Suppose -3*c = -4*f + 9 - s, -f - 4 = 4*c. Suppose c*m = -m + 3. What are the prime factors of m?
3
List the prime factors of (-181)/(-6) + 7/(-42).
2, 3, 5
Let x be (-1 + 3 + 0)*2. Suppose -u + 5*u = 3*s + 32, -5*u = x*s - 9. List the prime factors of u.
5
Let u(s) = -s**2 - 6*s + 7. Let a be u(-7). Let l = a - -15. Suppose 0 = -5*n + l + 55. List the prime factors of n.
2, 7
Suppose 0 = 4*t + y - 0*y - 5, 1 = -4*t - 3*y. Let m(g) = g. Let f(u) = -u + 2. Let b(i) = f(i) + 6*m(i). What are the prime factors of b(t)?
2, 3
Let g be (-6)/(-9)*3 + 26. Suppose 4*h - g = -0*h. Suppose -h*a = -2*a - 5*r - 25, 0 = 2*a + 5*r - 17. List the prime factors of a.
2, 3
Let n be -5 + 3 + -2 - 0. Let p = -8 - n. List the prime factors of -1*p/(4/7).
7
Let b(r) = r**3 - r**2 + r + 20. Suppose -3*q - q = 0. What are the prime factors of b(q)?
2, 5
Let k be ((-98)/(-4))/(-7)*-6. Let r = 16 + k. List the prime factors of r.
37
Let x(y) = y**2 + 8*y + 11. Suppose -3*w = 2*q + 24, -2*w - 3*q + 6 = 22. List the prime factors of x(w).
11
Let t = -154 + 257. What are the prime factors of t?
103
Suppose 0*t - 4*j + 5 = -t, t = 2*j - 7. Let f be ((-2)/(-1))/(4/(-6)). Let x = f - t. What are the prime factors of x?
2, 3
What are the prime factors of (3 + 10)/(1/5)?
5, 13
Suppose 5*s + 2 = 6*s. Suppose -s*g = -4*g + 16. Suppose x = -3*x + g. What are the prime factors of x?
2
Let f(o) = o - 1. Let m be f(1). Let c = m + 3. Suppose c*b - 7 = 29. What are the prime factors of b?
2, 3
Let c = -2 - -4. Suppose 0*l = c*l. Let p = 2 - l. List the prime factors of p.
2
Let h(g) = -g**3 + 2*g**2 - 2*g - 1 + 0*g**2 + 2*g. Let s be h(1). What are the prime factors of s + 1 + 11 + -8?
2
List the prime factors of 105/10*16/3.
2, 7
Suppose 5*w - 14 = 16. List the prime factors of w.
2, 3
List the prime factors of ((-300)/2)/(4/(-2)).
3, 5
Let t(q) = q**2 + 1. Let r be t(0). Suppose -n + r = -2. Suppose -3*l + 2 - 29 = -n*s, 0 = s - 3*l - 19. List the prime factors of s.
2
Suppose 5*n + 0*n = 20. Suppose 0*g - 5 = -s - n*g, 0 = -g. Suppose 2*p = s*j - 56, j - 2*j + 2*p = -16. List the prime factors of j.
2, 5
Let p be (-34)/(-6) + (-22)/33. Suppose -p*w + 2 = -83. What are the prime factors of w?
17
Let i = -85 + 119. What are the prime factors of i?
2, 17
What are the prime factors of 23 + (-12 + 3)/(-3)?
2, 13
Suppose -3*u = 2*l + 40, -2*u - 40 = 2*l - 0*u. Let p = l + 37. List the prime factors of p.
17
What are the prime factors of (-7)/(-3*1/9)?
3, 7
Let s(r) = 2*r**2 + 7*r - 4. Let u be (0/(-1) - 2) + -4. List the prime factors of s(u).
2, 13
Let t(w) = 27*w + 20. What are the prime factors of t(6)?
2, 7, 13
Let a(n) = -30*n. Let z be a(-1). Suppose 4*c = -c + 5*m - z, -5*c + 4*m = 25. Let g = c - -4. What are the prime factors of g?
3
Let n = 202 - 96. List the prime factors of n.
2, 53
List the prime factors of ((-408)/60)/((-2)/10).
2, 17
Let g(s) be the first derivative of s**4/2 - 2*s**3/3 - s**2 + 3. What are the prime factors of g(2)?
2
Let a(o) = 3 + 0 + 3*o + 0 + o**2. Suppose 2*x + 3 = x. What are the prime factors of a(x)?
3
Let a = 5 - 22. Let p = 26 + a. What are the prime factors of p?
3
Suppose -4*p + 288 = 5*p. List the prime factors of p.
2
Suppose 54 = 5*p - 66. Let z = p - -5. What are the prime factors of z?
29
Let a(s) = -s + 16. Let o(k) = k**3 + 4*k**2 - 3*k + 1. Let c be o(-4). List the prime factors of a(c).
3
Let c(x) = -5*x + 2. Let y be c(1). Let m(z) = -z**3 - z**2 - 5*z - 2. List the prime factors of m(y).
31
Suppose 0*s + 2*s - 20 = 0. Suppose 3*o + w - 10 = 35, -2*w = o - s. What are the prime factors of o?
2
Let p(d) = d**3 - 7*d**2 - 10*d + 5. Let f be p(8). Let n(x) = -2*x - 6. List the prime factors of n(f).
2
Suppose r - 5*k = -7, 6 = -5*r - 2*k + 25. Let v = 76 - 49. List the prime factors of (-8)/(r/(v/(-6))).
2, 3
List the prime factors of (-4 - -9)/(1/5).
5
Let q(z) = -z + 3. Suppose -2*w + 4*m = 14, 11 = -2*w - w - 4*m. List the prime factors of q(w).
2
Let b(k) = k**3 + 6*k**2 - 4*k + 4. Let u be b(-6). Suppose -y - u = -5*y. What are the prime factors of y?
7
Suppose 2*c = -4*m - 10, -3*m = c - 8*m - 2. Let q(f) = -3*f + 2. List the prime factors of q(c).
11
List the prime factors of ((-366)/(-18) - 0)*2*9.
2, 3, 61
Let c = -2 - -7. Suppose c*y + 4*r - 27 = 2*y, -y = -5*r + 10. What are the prime factors of y?
5
Let p = 293 - 206. List the prime factors of p.
3, 29
Let z be (-1)/3 - (-76)/3. Let t = z - 15. List the prime factors of t.
2, 5
Suppose 0 = 2*x - 7*x - 15. Let l = 16 + x. List the prime factors of l.
13
Suppose -f - 12 = -5*f. Suppose 10 = -2*b + 4*b + h, -f*h + 12 = 0. What are the prime factors of b?
3
Let g(m) be the third derivative of -m**6/120 - m**5/10 + m**4/4 - 3*m**2. List the prime factors of g(-7).
7
Let s = -8 - -8. List the prime factors of (-1)/((-1)/(s - -3)).
3
Suppose 4*a - v = 2*v + 15, -3*v - 15 = 3*a. Suppose -2*n + 9 + 23 = a. List the prime factors of n.
2
List the prime factors of -69*(24/20)/(4/(-10)).
3, 23
Suppose 4*l + 6 + 2 = 0. Let s(q) = -q. Let g be s(l). Suppose 5*b = -4*a + 33, -5*a + a = g*b - 42. List the prime factors of a.
2, 3
Suppose -2*g = g. Suppose 4*z + g*z - 24 = 0. List the prime factors of 38/3 - 4/z.
2, 3
Suppose -3*h - 5*c + 636 = 0, 2*c + 708 = 3*h + 72. List the prime factors of h.
2, 53
Let n(w) = 37*w**2 + 2*w - 1. What are the prime factors of n(1)?
2, 19
Let j(o) = 2*o - 2. Let d(b) = -b + 3. Let c(q) = -5*d(q) - 6*j(q). List the prime factors